 -1827*l - 1796. Determine z(-1).
31
Let u(q) = -362*q - 9013. Determine u(-25).
37
Let g(b) = -11*b**2 + 10*b - 8. What is g(0)?
-8
Let s(f) = 2*f**3 - 39*f**2 + 190*f + 4. What is s(11)?
37
Let q(v) = v**3 - 47*v**2 + 37*v + 333. Give q(46).
-81
Let s(r) = -3*r**3 - 140*r**2 + 209*r + 815. Give s(-48).
-1
Let w(v) = v**3 + 112*v**2 - 42*v - 4710. What is w(-112)?
-6
Let g(l) = l**3 + 14*l**2 + 7*l - 7. Give g(-9).
335
Let n(b) = 2*b**3 + 2*b**2 - 102*b - 116. What is n(-9)?
-494
Let h(r) = -r**3 + 4*r**2 - 9*r + 31. Give h(3).
13
Let z(d) = -d**3 + 4*d**2 + 17*d - 20. What is z(6)?
10
Let z(q) = 1545*q - 78812. Give z(51).
-17
Let b(y) = 5*y**3 + 18*y**2 + 16*y - 3. Determine b(-1).
-6
Let x(f) = -17*f - 2643. What is x(-155)?
-8
Let r(q) = -q**2 + 31*q - 243. Calculate r(14).
-5
Let u(j) = 2308*j - 32314. Give u(14).
-2
Let z(p) = -2*p + 57. Calculate z(10).
37
Let i(f) = f**3 + 23*f**2 + 21*f + 8. Give i(-22).
30
Let k(x) = 10*x**2 - 4*x - 162. Determine k(-6).
222
Let n(d) = -7*d**2 - 314*d + 696. Calculate n(-47).
-9
Let a(d) = 59*d + 26. Calculate a(5).
321
Let a(o) = -o**3 - 19*o**2 - 6*o + 6. Determine a(-19).
120
Let j(y) = y**2 + 162*y + 1536. What is j(-152)?
16
Let u(b) = -800*b + 22393. What is u(28)?
-7
Let n(m) = m**3 - 19*m**2 - 24*m - 453. Determine n(21).
-75
Let d(n) = n**3 + 6*n**2 + 4*n + 14. Calculate d(-5).
19
Let z(p) = 16*p**3 + 5*p**2 - 2*p - 19. Calculate z(-3).
-400
Let c(n) = n**3 - 7*n**2 + 1694*n - 10081. What is c(6)?
47
Let z(x) = -22*x**2 - 271*x - 515. Determine z(-10).
-5
Let i(h) = 3*h**2 - 242*h + 1982. Give i(71).
-77
Let f(v) = 132*v - 146. Calculate f(1).
-14
Let f(n) = 207*n + 542. Give f(-2).
128
Let l(m) = -308*m**2 + 4. Calculate l(1).
-304
Let b(p) = 66*p + 916. Determine b(-14).
-8
Let m(n) = -3241*n + 19522. What is m(6)?
76
Let o(c) = -126*c - 3788. Give o(-30).
-8
Let x(l) = 3*l**2 - 70*l - 407. What is x(-7)?
230
Let x(l) = -5*l**3 + 3*l**2 + 102*l - 208. Determine x(2).
-32
Let c(k) = 4*k**3 + 144*k**2 - 310*k - 36. What is c(-38)?
192
Let q(l) = 2*l**3 + 50*l**2 + 78*l. Determine q(-23).
322
Let a(l) = -l**3 - 2*l**2 - 9*l - 46. Determine a(-4).
22
Let k(r) = 5*r**2 - 38*r + 27. Determine k(7).
6
Let z(p) = 2*p**3 - 237*p**2 - 2987*p - 384. What is z(130)?
6
Let z(d) = d**3 + 12*d**2 + 184*d + 1899. Give z(-11).
-4
Let u(v) = v**2 + 4*v - 292. Determine u(-19).
-7
Let n(r) = -92*r - 6444. Determine n(-70).
-4
Let y(o) = 19*o - 431. Determine y(22).
-13
Let c(u) = -1998*u + 8056. Calculate c(4).
64
Let q(d) = -7*d - 53. Calculate q(-8).
3
Let n(m) = 5*m**3 + 33*m**2 - 16*m - 17. Determine n(-7).
-3
Let l(g) = -189*g - 3864. Calculate l(-16).
-840
Let i(z) = -z**3 - 7*z**2 + 15*z + 9. Determine i(5).
-216
Let g(s) = s**3 - 21*s**2 - 48*s + 22. Give g(23).
-24
Let l(r) = -r**3 + 6*r**2 - 44*r + 144. Calculate l(5).
-51
Let x(s) = 2*s**2 - 61*s + 432. What is x(18)?
-18
Let p(y) = -850*y + 2549. What is p(3)?
-1
Let o(u) = 19*u**2 - 39*u + 19. Calculate o(4).
167
Let l(d) = -8*d**2 - 647*d + 76. What is l(-81)?
-5
Let x(w) = -33*w**3 + 5*w**2 - 4*w - 6. What is x(2)?
-258
Let f(n) = 7*n**2 + 42*n + 57. Give f(-4).
1
Let t(o) = -3*o**2 - 44*o - 13. Give t(-5).
132
Let g(j) = -2*j**2 - 48*j - 557. Determine g(-10).
-277
Let t(r) = r**2 + r + 12. Give t(0).
12
Let a(j) = -j**3 - 12*j**2 + 43*j + 65. Determine a(-14).
-145
Let u(f) = f + 179. Determine u(10).
189
Let w(d) = -126*d - 3617. Determine w(-29).
37
Let r(x) = x**3 + 23*x**2 + 6*x + 126. Calculate r(-23).
-12
Let w(j) = -j**2 - 521*j + 10770. Give w(20).
-50
Let c(y) = -y**2 - 83*y + 1004. Give c(11).
-30
Let p(q) = 3*q**3 + 65*q**2 + 46*q + 102. Determine p(-21).
18
Let j(c) = 16*c**3 + 17*c**2 + 29*c + 55. Calculate j(-2).
-63
Let d(r) = -r**3 - 8*r**2 + 24*r - 35. Calculate d(-11).
64
Let g(s) = -2702*s + 16122. Give g(6).
-90
Let l(q) = -q**3 - 22*q**2 - q - 66. Give l(-22).
-44
Let n(f) = -f**3 + 7*f**2 - 8*f + 68. What is n(4)?
84
Let j(b) = 5*b + 8. Give j(1).
13
Let k(l) = -l**2 + 12*l + 37595. What is k(-188)?
-5
Let x(h) = 3*h**2 - 231*h + 995. Give x(73).
119
Let u(z) = -z**3 - 158*z**2 + 484*z + 114. Give u(-161).
-47
Let u(c) = -9*c + 86. Give u(15).
-49
Let x(r) = -182*r + 3693. What is x(21)?
-129
Let n(q) = -q**3 - q**2 + 53*q - 13. Calculate n(6).
53
Let k(c) = 153*c + 485. Calculate k(-3).
26
Let z(v) = -118*v + 39. What is z(2)?
-197
Let n(z) = 216*z + 227. Calculate n(-1).
11
Let v(w) = -w**3 - 5*w**2 + 48*w - 13. What is v(-10)?
7
Let f(a) = -7*a**2 + 42*a + 51. What is f(7)?
2
Let r(a) = 6*a**2 + 88*a + 59. Determine r(-14).
3
Let b(m) = -2*m**3 + 52*m**2 - 97*m - 34. Give b(24).
-58
Let z(x) = 6*x**3 + 85*x**2 + 75*x + 890. Give z(-14).
36
Let p(m) = 73*m - 814. Calculate p(10).
-84
Let b(c) = -18*c - 79. Determine b(18).
-403
Let n(u) = 117*u + 14. What is n(-1)?
-103
Let x(r) = -r**2 - 120*r - 2921. Determine x(-86).
3
Let b(u) = -4*u**2 + 21*u + 109. What is b(-9)?
-404
Let j(s) = -3*s**2 + 8*s + 347. Give j(10).
127
Let p(y) = -67*y + 407. Calculate p(4).
139
Let q(u) = 151*u - 13281. Determine q(88).
7
Let y(h) = 5*h**3 + 2*h**2 - 5*h + 5. What is y(2)?
43
Let k(g) = -g**3 - 2*g**2 + 43*g - 61. Calculate k(3).
23
Let y(g) = -3*g**2 + 259*g - 1065. Determine y(82).
1
Let u(l) = -2*l**2 - 57*l - 92. What is u(-28)?
-64
Let f(o) = 37*o - 3767. Calculate f(102).
7
Let u(v) = -v**2 + 25*v + 1741. Calculate u(56).
5
Let u(t) = 6*t**2 + 13*t + 1. Give u(0).
1
Let w(x) = x**2 - 97*x + 952. Calculate w(11).
6
Let d(l) = l**3 - 14*l**2 + 17*l + 27. What is d(5)?
-113
Let s(y) = y**2 + 429*y + 3368. Determine s(-8).
0
Let s(o) = o**3 + 9*o**2 - 16*o - 40. Determine s(-8).
152
Let p(a) = a**3 - 36*a**2 + 3*a + 234. What is p(36)?
342
Let v(o) = -o**3 + 30*o**2 - 115*o - 244. Give v(25).
6
Let k(a) = -a**2 - 10*a + 514. Calculate k(-28).
10
Let k(j) = 4*j**3 + 129*j**2 + 38*j + 184. Determine k(-32).
-8
Let g(o) = -3*o**3 + 208*o**2 - 76*o - 462. What is g(69)?
-945
Let o(b) = 17108*b + 102636. Calculate o(-6).
-12
Let j(k) = -4*k**3 - 46*k**2 + 41*k + 236. Give j(-12).
32
Let a(m) = 2*m**2 + 1686*m - 30991. Calculate a(18).
5
Let f(l) = -63*l - 2779. What is f(-44)?
-7
Let h(n) = 2*n**2 - 20*n - 366. Calculate h(-9).
-24
Let r(a) = 10*a**2 + 201*a + 273. Determine r(-19).
64
Let q(n) = -6*n**2 + 6360*n + 6360. What is q(-1)?
-6
Let t(a) = -403*a + 106400. Determine t(264).
8
Let r(x) = -2*x**2 + 64*x + 52. What is r(29)?
226
Let b(k) = -k + 34. Give b(31).
3
Let h(i) = 160*i**2 + 476*i - 1. What is h(-3)?
11
Let s(h) = -h**3 + 2*h**2 + 200*h + 911. Calculate s(-6).
-1
Let h(f) = -f**2 + 12*f - 242. Determine h(12).
-242
Let y(q) = q**2 + 148*q + 3632. What is y(-117)?
5
Let k(o) = o**3 + 66*o**2 + 122*o - 432. What is k(-64)?
-48
Let t(r) = -7*r**2 - 24*r + 175. Determine t(-7).
0
Let y(c) = 30*c + 433. Give y(-20).
-167
Let m(u) = u**3 - 28*u**2 - 22*u + 49. Calculate m(29).
252
Let f(i) = 4*i**3 + 138*i**2 - 84*i - 355. Calculate f(-35).
135
Let d(o) = -o**3 - 47*o**2 + 2*o + 44. Determine d(-47).
-50
Let y(r) = 62*r - 292. Calculate y(4).
-44
Let x(z) = 11*z**2 + 130*z - 2126. Give x(-21).
-5
Let b(k) = -k**3 - 48*k**2 - 25*k + 29. Give b(-48).
1229
Let y(t) = -260*t + 6746. Give y(26).
-14
Let b(w) = 4*w + 28. Give b(-2).
20
Let p(k) = k**2 + 91*k + 733. Determine p(-82).
-5
Let l(a) = -992*a - 8917. What is l(-9)?
11
Let c(o) = -o**2 + 52*o - 34. Determine c(0).
-34
Let m(d) = -11*d + 189. Determine m(8).
101
Let d(g) = -29*g + 580. What is d(15)?
145
Let t(p) = 2337*p - 11626. What is t(5)?
59
Let w(t) = -107*t + 1841. Determine w(17).
22
Let u(p) = 8*p**2 + 12*p - 53. Calculate u(3).
55
Let a(z) = -137*z**2 - 676*z + 6. Calculate a(-5).
-39
Let i(b) = b**3 + 43*b**2 + 126*b + 7481. Determine i(-44).
1
Let o(f) = -2*f**2 - 61*f + 229. What is o(-34)?
-9
Let b(c) = -7386*c - 51700. Calculate b(-7).
2
Let z(c) = c**2 - 18*c + 93. Calculate z(8).
13
Let k(f) = f**2 - 3*f - 28. What is k(-4)?
0
Let n(j) = 644*j - 7736. Determine n(12).
-8
Let i(g) = -g**3 + 20*g**2 - 16*g + 330. Calculate i(20).
10
Let l(r) = 710*r - 5618. Give l(8).
62
Let g(m) = -m**3 - 9*m**2 - 2*m - 71. Calculate g(-9).
-53
Let w(j) = -237*j - 62. Give w(2).
-536
Let i(r) = -12*r**2 - 213*r + 61. Determine i(-18).
7
Let m(h) = -h**2 + 27*h - 77.